 first derivative of -w**3/3 + w**2/2 + w + 3. Let p(n) = 3*n**3 - n**2 + 2*n + 2. Let j(f) = 2*b(f) - p(f). Is j(-2) a multiple of 10?
True
Suppose 0 = -2*w + 4*w - 188. Suppose -5*x + 4*z + 116 = 0, 4*x - 2*z + 0*z = w. Does 12 divide x?
True
Let b(x) = -4*x**3 - 4*x**2 - 3*x - 1. Suppose -h - 4*h = 10. Is b(h) a multiple of 7?
True
Let v(b) = 42*b**2 - 1. Let r be v(-1). Suppose -4*y + 27 = 3*h, 0 = y + 2*y + 2*h - 19. Suppose -2*d = -y - r. Is 11 a factor of d?
True
Let b(s) = 9*s**3 - 13*s**2 - 4. Let l(g) = -4*g**3 + 6*g**2 + 2. Let t(c) = -3*b(c) - 7*l(c). Does 14 divide t(4)?
True
Suppose 5*j - 359 + 34 = 0. Is 13 a factor of j?
True
Let v(i) = -i**2 - 2*i - 1. Let m be v(-1). Suppose 0 = 5*z - m - 25. Suppose 137 - 32 = z*g. Does 9 divide g?
False
Let l(q) = -q**3 - q**2 - q - 8. Let t be l(0). Let j = -4 - t. Let w = j - -5. Is 9 a factor of w?
True
Let y(l) = -l**3 - 7*l**2 - 4*l - 2. Let o be (21/(-2))/3*2. Let s be y(o). Suppose 2*z - u - s = 0, -5*u + 13 = 2*z - z. Is z a multiple of 6?
False
Suppose o - 4*h + 8 = 0, o = 4*o - 2*h - 6. Does 6 divide (1 - -12) + o/2?
False
Let y(j) = 7*j**2 + j. Let c be y(-5). Suppose -2*b + c = 3*b. Does 15 divide b?
False
Suppose 868 = 5*y - y. Does 31 divide y?
True
Let d(l) = -l + 13. Let k be d(0). Suppose -4 = -b + k. Is b a multiple of 17?
True
Suppose 3*a = -r + 94, 3*r + 134 = 4*a - 13. Is 11 a factor of a?
True
Suppose 2*r + 4*i = 106, -5*i = -14 - 6. Suppose -3*z - 4*g + r = -2*g, 0 = z + 3*g - 8. Suppose f = -2*b + z, 3*b + f + 3*f = 23. Is 3 a factor of b?
True
Suppose -2*k = -3*c - 17, 4*k + 4*c = 3*c + 13. Suppose 131 = k*w + 7. Does 15 divide w?
False
Suppose 5*d = h + 136, 4*d + 0*d + 3*h - 105 = 0. Is 9 a factor of d?
True
Let k = 13 - 6. Is 3 a factor of k?
False
Suppose r - 10 = -5. Suppose -4*z - z = r*g, -z = 5*g. Suppose 5*y + z*y = 150. Is y a multiple of 15?
True
Let v(i) = 4*i**2 - 4*i + 12. Is 23 a factor of v(5)?
True
Suppose 0 = 2*a - w - 109, 4*a = -2*w - 2*w + 188. Does 2 divide a?
True
Does 8 divide (-2)/(-3) - (-206)/6?
False
Let v(h) = h**2 - 6*h. Let m be v(6). Suppose 0 = -m*o + 2*o - 10. Is 2 a factor of o?
False
Let a = 7 + -5. Suppose 0*v + a*v = 0. Let g = v + 2. Does 2 divide g?
True
Suppose -5*f + 31 = -14. Suppose t = -0*t + f. Let k = 14 + t. Is k a multiple of 15?
False
Is (((-132)/18)/((-2)/18))/2 a multiple of 9?
False
Suppose -5*j + 6*j - 907 = -5*u, 533 = 3*u - 5*j. Is u a multiple of 43?
False
Let f(l) = l + 13. Let i be f(-11). Suppose -i*m = y - 6, 0 = -0*y + 5*y - 4*m - 16. Is 2 a factor of y?
True
Let v(m) = -2*m + 14. Let g be v(14). Is 17 a factor of g/(-21)*99/2?
False
Let x(f) = -f**3 - 4*f**2 - 3*f - 3. Let d be x(-4). Let c(q) = -q + 16. Let l be c(d). Suppose 5*y + 2*b = 34, 4*y - 7 - l = 5*b. Does 3 divide y?
True
Let s = -140 + 238. Is 14 a factor of s?
True
Suppose -5*x = 3*a - 0*a + 5, -3*a - 7 = 4*x. Let c(r) = r**3 + 2*r**2 - 2*r + 3. Let o be c(x). Suppose 0 = i - n + 1 - o, 4*i = n + 47. Is i a multiple of 11?
True
Let n(s) = 9*s**3 - 2*s + 1. Does 3 divide n(1)?
False
Let u(f) = f - 8. Let m be u(8). Suppose 0 = 2*v - m - 6. Suppose -5*q = -2*z - 123, v*z - 8 = 5*z. Does 10 divide q?
False
Suppose 0 = -4*f + a + 28, -5*a - 3 - 5 = 2*f. Suppose f*x - 130 = x. Is x a multiple of 13?
True
Let f = 1 + -5. Let m = 7 + f. Suppose 36 = m*w + w. Does 9 divide w?
True
Let z(v) = -4*v - 15. Let i(d) = 4*d + 16. Let n(k) = 3*i(k) + 4*z(k). Suppose -2*f = -0*x - x - 12, 3*x + 30 = 3*f. Is n(x) a multiple of 9?
False
Suppose -260 = -2*p + 4*d, 0 = -d - 0*d - 4. Let g = -66 + p. Is g a multiple of 18?
False
Let g = 111 + -66. Let f = 31 - g. Let j = f + 34. Is j a multiple of 10?
True
Is 1*49 + (10/5 - -1) a multiple of 13?
True
Suppose 0 = 2*j + 2*j - 708. Suppose -4*y - 3*q = -j, 3*y - 117 = q + 2*q. Does 21 divide y?
True
Let k(w) = w - 9. Let t be k(9). Suppose t*x = -x + 5. Suppose x*u = -v + 29 + 2, 14 = 3*u - 4*v. Does 5 divide u?
False
Let t(g) = 6*g**2 + g - 2. Does 20 divide t(-2)?
True
Let g(i) = -i**3 + 5*i**2 + 3*i - 6. Is g(4) a multiple of 22?
True
Suppose 0 = c + 2*c + x - 566, 970 = 5*c - 5*x. Is 41 a factor of c?
False
Does 9 divide ((-168)/18)/(4/(-6))?
False
Suppose 101 = m - y, 2*m - 5*y + 335 = 5*m. Let b(q) = -q**2 - 10*q - 11. Let n be b(-8). Suppose -n*a - 3*l = -138, 0*l = 4*a - 3*l - m. Is a a multiple of 9?
True
Does 7 divide ((-10)/4 + -1)*-4?
True
Suppose -3*z = 2 - 11. Suppose 8*b = z*b + 160. Does 16 divide b?
True
Does 3 divide (-128)/(-24) - (-2)/(-6)?
False
Suppose 36 = 4*f - 220. Does 16 divide f?
True
Let q = 202 - 87. Is q a multiple of 44?
False
Let j = -157 - -179. Does 6 divide j?
False
Suppose 3*z = 3*h + 138, 2*h - h = 4*z - 190. Does 4 divide z?
True
Let n(s) = -5*s - 1. Let z be n(-1). Suppose 3*y + z*d + 16 = 0, 3*d + 12 = -y - y. Suppose y = m - 3*m + 8. Is m a multiple of 2?
True
Is (3 - -3)/(4/30) a multiple of 15?
True
Let r be (12/(-9))/((-1)/3). Suppose -5*z - m + 234 = -129, z - 60 = r*m. Is 24 a factor of z?
True
Let u = -16 - -38. Does 22 divide u?
True
Is 10 a factor of 25/((-3)/6*-1)?
True
Suppose -14 - 46 = -2*d. Is 6 a factor of d?
True
Suppose 4*l - 2*o - 56 = 0, -2*l + 3*l - 5*o = 32. Let g be (-1068)/(-14) - l/42. Suppose 0 = 3*c - 5*c + 2*x + g, -4*c - 2*x = -134. Is 14 a factor of c?
False
Let l be (-50)/4*1*4. Let q = 85 + l. Let x = -3 + q. Is x a multiple of 17?
False
Let t(z) = -42*z. Let b be t(-1). Suppose -5*j + b = -68. Is 10 a factor of j?
False
Let t = 11 + 7. Suppose -3*j + 4*c - 23 = 0, -2*c + 8 + 3 = -j. Is 12 a factor of 2/(21/t + j)?
True
Suppose 192 = 5*r + d + 17, -4*d + 124 = 4*r. Suppose -r - 174 = -5*c. Is 21 a factor of c?
True
Let v be 2 - ((-6)/3 - 2). Suppose -3*u + v = -u. Suppose 3*q = 3*s, -q - 1 = -u*s + 3. Does 2 divide q?
True
Let d be (-1074)/(-14) + (-6)/(-21). Suppose 100 = -3*m + 6*m - 2*z, z - 112 = -3*m. Let i = d - m. Is i a multiple of 16?
False
Let k be 13/2 + (-1)/(-2). Let d(r) = -6*r + 16. Let m(u) = -2*u + 5. Let c(w) = -5*d(w) + 14*m(w). Is c(k) even?
True
Suppose 4*y = -2*o + 46 + 24, -4*y + 73 = 3*o. Is y a multiple of 3?
False
Does 9 divide (18/4)/(5/30)?
True
Let a = 0 - -2. Suppose -4*t = 3*q - 144, -a*q = -t + 2*t - 91. Let w = q + -15. Is 15 a factor of w?
False
Let f(l) = 0*l - 2*l + 0 - 3. Let x be f(-2). Does 18 divide (x - -2)/((-7)/(-42))?
True
Let s(b) = 0 + b**2 + 0*b**2 + 4 + 14. Is s(0) a multiple of 9?
True
Let u be (-15)/(-10)*(-208)/(-6). Let v = -15 + u. Does 9 divide v?
False
Suppose 0 = -4*f - 8*f + 912. Is f a multiple of 8?
False
Let o(l) = -l**3 + l**2 - l + 22. Let d be o(0). Suppose 0 = 6*q - 3*q - y - d, -4*q + 3*y + 36 = 0. Is q a multiple of 2?
True
Let a(y) = -5*y + 8. Is a(-15) a multiple of 14?
False
Let w(u) = 26*u. Let h be (-28)/(-16) + (-9)/12. Is w(h) a multiple of 16?
False
Let v(k) = 6*k + 3. Let b(m) = -11*m - 5. Let h(x) = 6*b(x) + 10*v(x). Let t be h(-3). Let a = 42 - t. Does 12 divide a?
True
Let w(c) = c + 13. Let x be w(-11). Suppose 92 = 6*f - x*f. Is f a multiple of 13?
False
Suppose -5*i = 220 + 270. Let u be 140 + (-2)/(-1)*-1. Let a = i + u. Does 11 divide a?
False
Let b(h) = 3*h**2 + h - 8. Is b(-3) a multiple of 16?
True
Let i = -142 - -241. Suppose 3*b - i = 66. Does 11 divide b?
True
Let h be -1 + 2 + (0 - -1). Let x be (-2 - (4 - 8))*(-2)/(-2). Is 26 + x*1/h a multiple of 12?
False
Let p(x) = x**3 - 5*x**2 + 15*x - 2. Is p(5) a multiple of 12?
False
Suppose -4 - 40 = -h. Is 10 a factor of h?
False
Suppose 15 = -3*g - 2*g, -2*d + g - 81 = 0. Let o be (-37)/3 + (-2)/(-6). Let r = o - d. Does 13 divide r?
False
Let k(h) = -3*h**2 + 7*h + 30. Let v(y) = -4*y**2 + 10*y + 45. Let w(g) = -7*k(g) + 5*v(g). Does 5 divide w(0)?
True
Let v(r) = -5*r**3 + 2*r + 1. Let f be v(-1). Suppose h - 31 = f. Is h a multiple of 14?
False
Let i(k) = 7 + 2*k + 4*k + k**2 - 11*k. Is 19 a factor of i(-5)?
True
Suppose -5*o = -6*o - 1, 4*n - o - 29 = 0. Suppose 2*z = 5*d + 54, -2*d - n = -z + 18. Is 9 a factor of z?
False
Suppose -4*x = 2*b + 14, -4*b - 22 = 2*x - 0*b. Let w = 1 + x. Suppose w*c - 3*c + 24 = d, 4*c + 12 = 0. Does 13 divide d?
False
Let i(v) = -v**3 + 6*v**2 - 6*v + 7. Suppose 5*k - 5*u = 45, -3*k = k + 4*u - 4. Let z be i(k). Suppose -z*h - 66 = -5*h. Does 18 divide h?
False
Let a = -5